e 12) to base 4
-30
Convert -2 (base 14) to base 10.
-2
-28 (base 15) to base 9
-42
Convert 85 (base 10) to base 16.
55
2 (base 15) to base 10
2
What is -6 (base 8) in base 16?
-6
What is -65 (base 13) in base 4?
-1103
Convert 11 (base 5) to base 14.
6
What is 0 (base 12) in base 6?
0
-12 (base 10) to base 14
-c
0 (base 2) to base 6
0
What is 121 (base 3) in base 15?
11
What is 313 (base 7) in base 9?
184
Convert 7 (base 10) to base 13.
7
-95 (base 11) to base 16
-68
What is 31 (base 11) in base 5?
114
Convert -100120 (base 3) to base 16.
-102
Convert 120 (base 3) to base 4.
33
What is -43 (base 16) in base 8?
-103
What is 3 (base 13) in base 14?
3
What is -27 (base 12) in base 2?
-11111
110 (base 4) to base 7
26
-3 (base 9) to base 4
-3
5 (base 16) to base 11
5
1 (base 10) to base 11
1
What is -5 (base 12) in base 7?
-5
114 (base 5) to base 9
37
What is 29 (base 12) in base 2?
100001
Convert 23 (base 10) to base 16.
17
What is -1 (base 4) in base 11?
-1
-2 (base 14) to base 7
-2
What is 6 (base 9) in base 6?
10
What is 0 (base 16) in base 13?
0
What is -31 (base 14) in base 4?
-223
c (base 15) to base 9
13
-5 (base 12) to base 4
-11
Convert -2 (base 10) to base 16.
-2
ed (base 15) to base 14
11d
What is -1303 (base 4) in base 11?
-a5
Convert -2 (base 6) to base 5.
-2
What is 23 (base 4) in base 14?
b
79 (base 13) to base 7
202
Convert -544 (base 8) to base 5.
-2411
What is 5 (base 7) in base 11?
5
2 (base 14) to base 6
2
Convert 0 (base 15) to base 12.
0
-2 (base 5) to base 7
-2
Convert 10 (base 6) to base 11.
6
What is -5 (base 9) in base 16?
-5
What is 1a (base 13) in base 12?
1b
Convert -21 (base 4) to base 13.
-9
Convert 3 (base 8) to base 7.
3
What is 2002 (base 3) in base 7?
110
Convert 224 (base 6) to base 7.
154
-152 (base 6) to base 2
-1000100
What is 8 (base 16) in base 8?
10
0 (base 15) to base 7
0
Convert -3 (base 10) to base 5.
-3
-62 (base 9) to base 2
-111000
What is 11 (base 5) in base 7?
6
-13 (base 13) to base 14
-12
Convert -350 (base 6) to base 4.
-2022
Convert -1 (base 12) to base 2.
-1
What is -10 (base 4) in base 6?
-4
5 (base 7) to base 6
5
What is 16 (base 10) in base 16?
10
Convert -ae (base 16) to base 4.
-2232
What is 221 (base 6) in base 3?
10011
Convert 1 (base 11) to base 7.
1
-80 (base 11) to base 5
-323
Convert 0 (base 2) to base 11.
0
Convert -3 (base 11) to base 4.
-3
What is -13 (base 10) in base 2?
-1101
Convert 2 (base 11) to base 3.
2
3 (base 10) to base 14
3
What is 28 (base 15) in base 8?
46
What is 1112 (base 4) in base 3?
10012
-46 (base 11) to base 2
-110010
Convert -28 (base 12) to base 2.
-100000
What is -30 (base 4) in base 13?
-c
What is -51 (base 7) in base 16?
-24
What is 10 (base 11) in base 15?
b
What is -112 (base 3) in base 5?
-24
1 (base 6) to base 7
1
What is -1 (base 15) in base 14?
-1
-10101 (base 2) to base 8
-25
37 (base 15) to base 11
48
-34 (base 5) to base 2
-10011
-3 (base 12) to base 14
-3
-20 (base 15) to base 10
-30
What is -1022 (base 4) in base 16?
-4a
What is -4 (base 16) in base 3?
-11
Convert 230 (base 11) to base 4.
10103
-110 (base 5) to base 4
-132
-2 (base 5) to base 6
-2
What is -11 (base 4) in base 8?
-5
-2 (base 8) to base 10
-2
Convert b (base 16) to base 13.
b
1 (base 13) to base 9
1
Convert 0 (base 8) to base 5.
0
Convert -a (base 15) to base 3.
-101
Convert -9 (base 10) to base 7.
-12
110 (base 5) to base 6
50
Convert -293 (base 11) to base 4.
-11120
Convert 75 (base 9) to base 13.
53
What is -3 (base 4) in base 7?
-3
What is -455 (base 7) in base 8?
-354
0 (base 8) to base 3
0
What is 12b (base 12) in base 10?
179
What is -18 (base 14) in base 11?
-20
Convert 56 (base 11) to base 14.
45
What is 1 (base 10) in base 12?
1
What is 1 (base 4) in base 10?
1
What is -4 (base 16) in base 3?
-11
18 (base 9) to base 8
21
What is -1 (base 8) in base 2?
-1
What is 5 (base 9) in base 11?
5
What is 62 (base 14) in base 6?
222
What is 129 (base 16) in base 14?
173
12 (base 15) to base 13
14
Convert 1310 (base 6) to base 12.
236
What is -21 (base 5) in base 3?
-102
101 (base 3) to base 8
12
What is -331 (base 7) in base 2?
-10101001
Convert 1 (base 3) to base 10.
1
What is -6 (base 8) in base 3?
-20
What is -108 (base 9) in base 15?
-5e
What is 0 (base 13) in base 12?
0
-14 (base 10) to base 8
-16
Convert 3 (base 6) to base 4.
3
What is -51 (base 12) in base 16?
-3d
Convert 202 (base 3) to base 15.
15
Convert 212 (base 3) to base 2.
10111
What is 21 (base 3) in base 15?
7
What is -6 (base 10) in base 13?
-6
-1b (base 14) to base 13
-1c
What is 0 (base 15) in base 9?
0
What is -1201 (base 3) in base 13?
-37
-111100 (base 2) to base 16
-3c
Convert -12 (base 16) to base 14.
-14
What is -52 (base 8) in base 2?
-101010
Convert 3 (base 16) to base 14.
3
-107 (base 8) to base 10
-71
What is -38 (base 12) in base 7?
-62
18 (base 15) to base 8
27
Convert -17 (base 9) to base 3.
-121
What is 101 (base 4) in base 10?
17
-2 (base 15) to base 6
-2
What is -53 (base 11) in base 15?
-3d
What is 3 (base 7) in base 4?
3
What is 11 (base 5) in base 2?
110
Convert 89 (base 11) to base 3.
10121
Convert -88 (base 12) to base 2.
-1101000
Convert -11 (base 12) to base 10.
-13
Convert -2 (base 3) to base 15.
-2
What is 25 (base 14) in base 6?
53
12 (base 7) to base 13
9
18 (base 11) to base 15
14
0 (base 5) to base 10
0
What is -12 (base 14) in base 10?
-16
Convert 7 (base 14) to base 5.
12
Convert 4 (base 11) to base 3.
11
-4a (base 12) to base 9
-64
11 (base 2) to base 8
3
What is 11 (base 8) in base 10?
9
Convert -36 (base 12) to base 14.
-30
What is 42 (base 13) in base 14?
3c
Convert -5 (base 6) to base 7.
-5
What is 6 (base 12) in base 9?
6
Convert -102 (base 13) to base 12.
-123
Convert 201 (base 5) to base 8.
63
1010 (base 3) to base 5
110
Convert -506 (base 8) to base 9.
-402
-c (base 14) to base 13
-c
What is -20 (base 13) in base 8?
-32
What is 4 (base 16) in base 13?
4
-3 (base 6) to base 8
-3
What is -2 (base 8) in base 13?
-2
Convert -5 (base 15) to base 14.
-5
Convert 161 (base 7) to base 8.
134
Convert 11110 (base 2) to base 5.
110
39 (base 12) to base 15
30
2 (base 5) to base 7
2
What is -170 (base 10) in base 13?
-101
100 (base 2) to base 15
4
-4 (base 11) to base 3
-11
10210 (base 3) to base 4
1212
-11010110 (base 2) to base 16
-d6
What is 1124 (base 6) in base 3?
100221
What is -20 (base 7) in base 10?
-14
What is -3 (base 16) in base 9?
-3
214 (base 5) to base 16
3b
Convert -1 (base 3) to base 4.
-1
-1 (base 2) to base 14
-1
What is -ad (base 16) in base 12?
-125
-155 (base 11) to base 4
-2311
What is -321 (base 6) in base 13?
-94
Convert -50 (base 10) to base 8.
-62
Convert -154 (base 8) to base 6.
-300
-32 (base 16) to base 12
-42
-104 (base 5) to base 12
-25
What is 11 (base 9) in base 4?
22
-1112 (base 3) to base 15
-2b
What is -1 (base 8) in base 12?
-1
Convert 4 (base 7) to base 6.
4
Convert -3 (base 11) to base 5.
-3
1 (base 13) to base 4
1
-58 (base 14) to base 11
-71
What is 21 (base 16) in base 10?
33
Convert 9a (base 12) to base 11.
a8
Convert -24 (base 12) to base 2.
-11100
-21 (base 9) to base 7
-25
1 (base 4) to base 10
1
What is 0 (base 9) in base 16?
0
-7 (base 8) to base 7
-10
b (base 15) to base 14
b
Convert -2 (base 15) to base 14.
-2
-3 (base 9) to base 14
-3
Convert b (base 15) to base 14.
b
Convert -16 (base 7) to base 4.
-31
Convert 62 (base 13) to base 10.
80
What is 0 (base 12) in base 4?
0
What is 1 (base 3) in base 5?
1
Convert -3 (base 14) to base 15.
-3
What is -445 (base 6) in base 2?
-10101101
What is -2 (base 9) in base 3?
-2
-26 (base 14) to base 9
-37
What is 5 (base 7) in base 9?
5
Convert 12222 (base 3) to base 6.
425
2 (base 11) to base 4
2
Convert -2 (base 16) to base 3.
-2
Convert 7 (base 13) to base 12.
7
Convert 1 (base 6) to base 15.
1
What is -3 (base 4) in base 6?
-3
Convert -4 (base 8) to base 13.
-4
1 (base 13) to base 7
1
Convert -2 (base 4) to base 6.
-2
Convert 11222 (base 3) to base 5.
1014
-5 (base 6) to base 3
-12
Convert -2 (base 16) to base 14.
-2
What is 1142 (base 5) in base 4?
2230
What is 7 (base 13) in base 2?
111
What is -10 (base 4) in base 5?
-4
Convert 68 (base 11) to base 8.
112
What is 30 (base 4) in base 14?
c
What is -13 (base 11) in base 15?
-e
Convert -120 (base 3) to base 8.
-17
-15 (base 7) to base 12
-